{"id":11,"date":"2015-10-02T15:53:11","date_gmt":"2015-10-02T14:53:11","guid":{"rendered":"http:\/\/aikidocastillon.fr\/?page_id=11"},"modified":"2019-06-26T12:15:25","modified_gmt":"2019-06-26T11:15:25","slug":"lexique","status":"publish","type":"page","link":"https:\/\/aikidocastillon.fr\/index.php\/lexique\/","title":{"rendered":"Animation des entrainements et des stages"},"content":{"rendered":"<p>Les entra\u00eenements sont anim\u00e9s par Laurent Veillat, 3\u00e8me dan, Brevet\u00e9 F\u00e9d\u00e9ral des Clubs de la D\u00e9fense (BFCD) les vendredi de 19h30 \u00e0 21h00.<\/p>\n<p>Assistant : Fabien Sargos, 1er dan, animateur des entra\u00eenements des enfants<\/p>\n<p>De nombreux stages et entra\u00eenements inter clubs sont organis\u00e9s r\u00e9guli\u00e8rement tout au long de la saison. Ceux-ci sont pris en charge par le club qu&rsquo;ils aient lieux \u00e0 Castillon ou \u00e0 l&rsquo;ext\u00e9rieur (Stages nationaux, f\u00e9d\u00e9raux, de ligue) Les stages priv\u00e9s sont \u00e0 la charge des pratiquants. Les frais de d\u00e9placement et de nourriture li\u00e9s aux stages ne sont pas assur\u00e9s par le club.<\/p>\n<p>Pour plus d&rsquo;informations passez donc nous voir \u00e0 l\u2019entra\u00eenement ou passez par la page <a href=\"http:\/\/aikidocastillon.fr\/index.php\/tarif-contact\/contact-mail\/\">contact<\/a>.<\/p>\n","protected":false},"excerpt":{"rendered":"<p>Les entra\u00eenements sont anim\u00e9s par Laurent Veillat, 3\u00e8me dan, Brevet\u00e9 F\u00e9d\u00e9ral des Clubs de la D\u00e9fense (BFCD) les vendredi de 19h30 \u00e0 21h00. Assistant : Fabien Sargos, 1er dan, animateur <a class=\"more-link\" href=\"https:\/\/aikidocastillon.fr\/index.php\/lexique\/\">Continue Reading &amp;rarr;<\/a><\/p>\n","protected":false},"author":1,"featured_media":0,"parent":0,"menu_order":1,"comment_status":"closed","ping_status":"closed","template":"","meta":{"footnotes":""},"class_list":["post-11","page","type-page","status-publish","hentry"],"aioseo_notices":[],"_links":{"self":[{"href":"https:\/\/aikidocastillon.fr\/index.php\/wp-json\/wp\/v2\/pages\/11","targetHints":{"allow":["GET"]}}],"collection":[{"href":"https:\/\/aikidocastillon.fr\/index.php\/wp-json\/wp\/v2\/pages"}],"about":[{"href":"https:\/\/aikidocastillon.fr\/index.php\/wp-json\/wp\/v2\/types\/page"}],"author":[{"embeddable":true,"href":"https:\/\/aikidocastillon.fr\/index.php\/wp-json\/wp\/v2\/users\/1"}],"replies":[{"embeddable":true,"href":"https:\/\/aikidocastillon.fr\/index.php\/wp-json\/wp\/v2\/comments?post=11"}],"version-history":[{"count":7,"href":"https:\/\/aikidocastillon.fr\/index.php\/wp-json\/wp\/v2\/pages\/11\/revisions"}],"predecessor-version":[{"id":140,"href":"https:\/\/aikidocastillon.fr\/index.php\/wp-json\/wp\/v2\/pages\/11\/revisions\/140"}],"wp:attachment":[{"href":"https:\/\/aikidocastillon.fr\/index.php\/wp-json\/wp\/v2\/media?parent=11"}],"curies":[{"name":"wp","href":"https:\/\/api.w.org\/{rel}","templated":true}]}}